0*h - 2. Give c(7).
19
Let u(f) = -f**2 + f + 2. Give u(-3).
-10
Let f(k) = k**3 - 12*k**2 + 12*k + 29. What is f(11)?
40
Let d(m) = -11*m + 21. Calculate d(2).
-1
Let b(h) = h**3 + 10*h**2 - 6*h + 13. Determine b(-10).
73
Let s(b) = b**3 - 10*b**2 + 9*b + 13. Determine s(9).
13
Let s(r) = 8*r + 71. Give s(-12).
-25
Let f(p) = 2*p + 7. Give f(-5).
-3
Let b(x) = 9*x + 2. What is b(-1)?
-7
Let q(h) = -h**3 + h**2 + h - 166. Calculate q(0).
-166
Let d(u) = u**2 + 18*u - 28. Calculate d(-19).
-9
Let q(f) = -f**2 - f + 6. What is q(0)?
6
Let h(o) = -o**3 - 5*o**2 - 10*o - 3. Calculate h(-3).
9
Let x(s) = 2*s**3 - 53*s**2 - 26*s - 32. Determine x(27).
-5
Let l(g) = g**3 - 2*g**2 - 6. Determine l(3).
3
Let k(c) = 3*c - 38. What is k(12)?
-2
Let z(i) = 2*i**3 - 12*i**2 + 3*i + 7. Calculate z(6).
25
Let w(v) = -2*v**3 + 3*v + 2. What is w(-2)?
12
Let j(h) = h - 8. Give j(0).
-8
Let t(z) = z**3 + 22*z**2 - 28*z - 114. What is t(-23)?
1
Let j(l) = 2*l**2 - 45*l - 11. Calculate j(23).
12
Let g(v) = -14*v + 51. What is g(4)?
-5
Let y(f) = 2*f**2 + 53*f - 94. What is y(-28)?
-10
Let g(a) = 3*a**2 - a + 17. Give g(0).
17
Let x(g) = -g**2 - 7*g - 4. Determine x(-6).
2
Let p(z) = -z**2 + 10*z - 51. Calculate p(5).
-26
Let a(n) = -2*n**2 - 13*n + 1. Determine a(-7).
-6
Let g(i) = -3*i + 4. Determine g(-8).
28
Let a(s) = 3*s - 24. Give a(7).
-3
Let q(v) = -v**3 - 6*v**2 + v + 18. What is q(-6)?
12
Let v(j) = -2*j**2 + 17*j - 17. Calculate v(8).
-9
Let f(c) = 2*c**2 - c + 2. Calculate f(1).
3
Let q(s) = -13*s - 4. Calculate q(0).
-4
Let k(r) = -r + 60. Give k(21).
39
Let w(g) = g**3 + 4*g**2 - 17*g + 13. What is w(-7)?
-15
Let z(f) = -f**2 + 5. Calculate z(-5).
-20
Let d(h) = -h**3 - 8*h**2 - 6*h + 1. Calculate d(-8).
49
Let n(v) = 2*v**3 + 9*v**2 + 7*v. What is n(-6)?
-150
Let g(k) = k**3 + 4*k**2 - 12*k - 4. Calculate g(-6).
-4
Let t(p) = -p**2 + 13*p + 29. Determine t(13).
29
Let d(w) = -w**2 - 12*w - 1. What is d(-13)?
-14
Let p(s) = 32*s + 153. Give p(-5).
-7
Let v(j) = j**3 + 5*j**2 - 2*j + 10. Determine v(-5).
20
Let v(n) = -20*n - 51. Determine v(-3).
9
Let t(s) = -s**3 + 3*s**2 + 4*s + 6. Give t(4).
6
Let m(h) = -h**2 + 41*h - 382. What is m(14)?
-4
Let m(g) = g**3 - g**2 - 126. Calculate m(0).
-126
Let b(z) = 86*z**2 - 7*z - 8. Determine b(-1).
85
Let z(d) = d**3 - 7*d**2 - 6*d - 3. Give z(8).
13
Let m(s) = -s**2 - 8*s + 81. Give m(-15).
-24
Let x(q) = -q - 14. Calculate x(-12).
-2
Let g(f) = -7*f + 129. Determine g(13).
38
Let n(s) = -50*s + 17. Determine n(1).
-33
Let q(b) = -b**3 - 2*b**2 - 5*b - 4. Give q(-2).
6
Let p(y) = -y**2 + 11*y - 10. What is p(11)?
-10
Let r(c) = -c**2 - 8*c + 31. Calculate r(-11).
-2
Let c(y) = y**3 + 17*y**2 + 13*y - 29. Give c(-16).
19
Let l(h) = 7*h - 6. Determine l(5).
29
Let g(l) = -2*l**3 + l**2 - 3. Determine g(-2).
17
Let n(v) = -9*v + 16. Calculate n(4).
-20
Let v(h) = -h**3 - 31*h**2 - 57*h + 22. Determine v(-29).
-7
Let g(f) = 5*f - 137. Give g(33).
28
Let l(o) = 27*o**3. Determine l(1).
27
Let w(r) = -3*r - 33. Calculate w(-17).
18
Let h(i) = 4*i**3 + 3*i**2 + i - 2. Determine h(-2).
-24
Let m(q) = -q**3 - 16*q**2 + 191*q - 29. Determine m(-24).
-5
Let w(u) = -u**3 + 2*u**2 - 47. Calculate w(0).
-47
Let x(g) = 2*g**3 - 4*g**2 - 3*g + 1. Determine x(-1).
-2
Let p(s) = -s**3 + 9*s**2 - 8*s + 18. What is p(8)?
18
Let b(o) = o**3 + 10*o**2 + 15*o - 5. Determine b(-8).
3
Let r(z) = 3*z + 5. What is r(7)?
26
Let c(w) = 2*w**2 - 31*w - 43. What is c(19)?
90
Let d(c) = 2*c**3 - c - 3. What is d(2)?
11
Let k(t) = -t**3 - 8*t**2 + 3*t - 2. What is k(-9)?
52
Let s(y) = -y**3 + 2*y - 3. Give s(0).
-3
Let w(x) = -2*x + 16. Give w(10).
-4
Let o(w) = -w**3 + w**2 + 9. Give o(5).
-91
Let q(k) = 2*k + 2. Determine q(-1).
0
Let b(q) = -q**2 + 9*q - 7. Determine b(7).
7
Let i(x) = 3*x. Determine i(-3).
-9
Let c(l) = -27*l - 59. Calculate c(-2).
-5
Let y(a) = 8*a + 7. Give y(0).
7
Let r(b) = -23*b + 98. Give r(4).
6
Let y(m) = -m**3 - 7*m**2 + 4*m + 10. What is y(-5)?
-60
Let v(h) = -3*h**2 - 3*h - 3. Give v(-2).
-9
Let c(b) = b**2 - 28*b + 168. Calculate c(9).
-3
Let d(u) = 2*u + 24. Give d(-9).
6
Let f(b) = -b**2 + 6*b - 5. What is f(5)?
0
Let n(u) = u**2 + 16*u + 34. Determine n(-11).
-21
Let p(k) = -4*k**3 + k**2 + k - 4. What is p(2)?
-30
Let z(k) = -k**3 + 17*k**2 + 24*k - 112. What is z(18)?
-4
Let m(w) = -3*w**3 - 9*w**2 - w - 2. Calculate m(-1).
-7
Let j(m) = -m**3 - 5*m**2 - 3*m + 12. Determine j(-4).
8
Let y(k) = -k**3 + 20*k**2 + 45*k - 17. What is y(22)?
5
Let g(o) = -6*o**2 - 3*o + 1. Calculate g(2).
-29
Let d(u) = -23*u - 1. What is d(-3)?
68
Let z(d) = d**3 + 8*d**2 - 3. Determine z(-8).
-3
Let g(i) = 8*i. Determine g(2).
16
Let j(u) = -u**2 - 7*u - 11. Give j(-2).
-1
Let v(t) = 12*t - 5. Determine v(1).
7
Let r(n) = n**2 + 8*n - 9. What is r(-9)?
0
Let s(b) = -b + 4. Determine s(6).
-2
Let h(l) = l**2 + 2*l + 13. Calculate h(5).
48
Let b(g) = -24*g - 136. What is b(-6)?
8
Let h(f) = f**3 - 12*f**2 + 25*f + 7. Determine h(9).
-11
Let p(w) = -w**2 + 39*w + 219. Give p(44).
-1
Let t(i) = -i + 25. Give t(-7).
32
Let t(f) = 4*f - 6. Determine t(4).
10
Let l(x) = -x**2 + 9*x - 7. Calculate l(12).
-43
Let u(p) = -2*p**2 + p + 4. Calculate u(3).
-11
Let h(m) = -3*m + 114. Calculate h(42).
-12
Let u(t) = -2*t + 17. Calculate u(22).
-27
Let d(j) = 2*j**2 + 25*j + 12. What is d(-12)?
0
Let n(w) = -w**2 - 6*w - 9. What is n(-6)?
-9
Let x(c) = 23*c + 2. What is x(-1)?
-21
Let m(z) = -11*z - 70. Determine m(-6).
-4
Let u(l) = -6*l**2 - 1. Give u(4).
-97
Let w(d) = 4*d + 82. Give w(-19).
6
Let w(i) = -2*i**3 + 8*i**2 + 13*i - 19. Calculate w(5).
-4
Let f(z) = -4*z - 27. What is f(-9)?
9
Let m(g) = 50*g**2. Determine m(1).
50
Let o(b) = -b**3 + 5*b**2 - 5*b - 3. Give o(2).
-1
Let x(w) = -w**3 - 4*w**2 - 6*w - 4. Calculate x(-4).
20
Let g(k) = -19*k + 67. Give g(4).
-9
Let x(l) = l**3 + 5*l**2 + l + 6. What is x(-5)?
1
Let c(o) = o - 4. What is c(-4)?
-8
Let w(g) = 4*g**2 - g - 10. Determine w(-3).
29
Let x(l) = 6*l**3 + 4*l**2 + 2*l. Give x(-2).
-36
Let y(s) = -9*s**2 - 2*s + 2. Give y(-2).
-30
Let b(u) = 2*u**2 - 14*u + 2. Calculate b(7).
2
Let c(w) = -15*w - 21. Give c(-1).
-6
Let u(r) = 3*r + 8. Determine u(4).
20
Let f(n) = -2*n + 28. Calculate f(17).
-6
Let f(t) = 4*t + 5. What is f(3)?
17
Let b(d) = 5*d**2 + 23*d - 6. Give b(-6).
36
Let r(k) = -5*k + 9. Calculate r(-7).
44
Let v(h) = -4*h**2 - 79*h + 24. Determine v(-20).
4
Let b(u) = -2*u - 9. Calculate b(4).
-17
Let a(s) = 11*s - 264. Calculate a(25).
11
Let s(l) = -3*l. Determine s(-4).
12
Let s(v) = 4*v - 16. Calculate s(6).
8
Let j(k) = -k**2 - 4*k + 1. Give j(-7).
-20
Let g(a) = a + 10. Give g(-8).
2
Let h(o) = -o - 1. Give h(-6).
5
Let r(v) = v + 25. What is r(14)?
39
Let v(o) = -o**2 + 18*o - 33. Calculate v(16).
-1
Let d(s) = -s**3 - 6*s**2 + 14*s + 93. What is d(-5)?
-2
Let l(q) = -q**2 - 22*q + 79. Calculate l(-25).
4
Let l(k) = -k**3 + 48*k - 15. Calculate l(-7).
-8
Let f(d) = -d**3 + 8*d**2 - 11*d + 3. Give f(6).
9
Let n(m) = -m**3 - 4*m**2 + 3*m - 11. Calculate n(-5).
-1
Let v(p) = p**2 + 14*p + 39. What is v(-9)?
-6
Let i(u) = -u - 6. Determine i(-9).
3
Let l(a) = 3*a + 3. Give l(4).
15
Let x(p) = 3*p**2 + 179*p - 41. Calculate x(-60).
19
Let c(o) = -o**2 - 24*o - 11. What is c(-22)?
33
Let n(w) = w**3 - 2*w**2 - 5*w - 8. Determine n(4).
4
Let r(x) = -14*x - 2. Determine r(1).
-16
Let q(p) = p**2 - 5*p - 35. What is q(8)?
-11
Let h(a) = -a**3 - 11*a**2 - 20*a + 13. What is h(-9)?
31
Let b(s) = s. Calculate b(-5).
-5
Let b(c) = 4*c - 39. Calculate b(9).
-3
Let w(k) = 3*k**2 + 19*k + 22. What is w(-8)?
62
Let k(o) = o**3 - 6*o**2 - 2*o - 3. Determine k(5).
-38
Let m(f) = -f + 6. Give m(6).
0
Let h(r) = -r**3 - 10*r**2 - 5*r - 13. Calculate h(-9).
-49
Let o(l) = -l**3 - 3*l**2 + 3*l - 10. Give o(-4).
-6
Let l(f) = -f**3 + 13*f**2 - 11*f - 10. Give l(12).
2
Let g(q) = 6*q**3 - 24*q**2 - 5*q + 10. Calculate g(4).
-10
Let p(k) = k**3 + 9*k**2 + 13*k - 3. What is p(-7)?
4
Let w(z) = z**2 - 6*z - 6. Give w(6).
-6
Let d(s) = -10*s + 13. Determine d(2).
-7
Let p(i) = i**3 - 6*i**2 - 3*i + 7. Calculate p(7).
35
Let u(h) = h**2 + h - 23. What is u(4)?
-3
Let t(m) = -8*m. Calculate t(-2).
16
Let a(x) = -2*x + 18. What is a(8)?
2
Let s(c) = -2*c - 16. Give s(-16).
16
L